he units digit of 3667110?
0
What is the hundred thousands digit of 653512451?
5
What is the units digit of 1607248832?
2
What is the ten millions digit of 71988198?
7
What is the millions digit of 108115334?
8
What is the tens digit of 1482308505?
0
What is the ten thousands digit of 455771100?
7
What is the tens digit of 4244599712?
1
What is the hundred thousands digit of 61198779?
1
What is the tens digit of 535724970?
7
What is the units digit of 1041615624?
4
What is the units digit of 2125607684?
4
What is the tens digit of 1235888385?
8
What is the hundreds digit of 1653191113?
1
What is the ten millions digit of 1230581993?
3
What is the ten thousands digit of 802854293?
5
What is the hundred thousands digit of 419971040?
9
What is the millions digit of 2144115358?
4
What is the ten millions digit of 2641905193?
4
What is the ten millions digit of 2364107176?
6
What is the thousands digit of 89797754?
7
What is the hundreds digit of 365485731?
7
What is the hundreds digit of 29284906?
9
What is the units digit of 83717425?
5
What is the tens digit of 375976843?
4
What is the millions digit of 1192760861?
2
What is the hundreds digit of 920118908?
9
What is the ten thousands digit of 601652953?
5
What is the ten millions digit of 945983476?
4
What is the ten millions digit of 54169021?
5
What is the millions digit of 684666195?
4
What is the ten thousands digit of 905894411?
9
What is the ten millions digit of 195422319?
9
What is the hundred thousands digit of 24488603?
4
What is the tens digit of 6494795414?
1
What is the hundred millions digit of 458401024?
4
What is the ten millions digit of 153191622?
5
What is the millions digit of 3345124457?
5
What is the thousands digit of 187597655?
7
What is the millions digit of 3373396041?
3
What is the billions digit of 1537495022?
1
What is the thousands digit of 169683520?
3
What is the tens digit of 75751348?
4
What is the hundreds digit of 719325604?
6
What is the hundred thousands digit of 3695550875?
5
What is the millions digit of 1016172553?
6
What is the tens digit of 172283508?
0
What is the thousands digit of 5918023192?
3
What is the units digit of 18311309?
9
What is the ten millions digit of 853539722?
5
What is the ten thousands digit of 1552421015?
2
What is the tens digit of 1148844532?
3
What is the ten thousands digit of 17178609?
7
What is the tens digit of 56557625?
2
What is the thousands digit of 8580357?
0
What is the hundreds digit of 459937247?
2
What is the tens digit of 2872064067?
6
What is the units digit of 27860312?
2
What is the hundreds digit of 5313460784?
7
What is the ten thousands digit of 352628743?
2
What is the units digit of 78865837?
7
What is the units digit of 413639493?
3
What is the ten millions digit of 57788549?
5
What is the units digit of 14497624?
4
What is the hundred thousands digit of 677269113?
2
What is the hundred thousands digit of 1358528?
3
What is the hundreds digit of 154430426?
4
What is the units digit of 6554889?
9
What is the units digit of 2244106561?
1
What is the ten millions digit of 38066920?
3
What is the hundreds digit of 5515667?
6
What is the hundreds digit of 9784950?
9
What is the ten millions digit of 1612434289?
1
What is the hundreds digit of 10801909?
9
What is the hundreds digit of 721743200?
2
What is the millions digit of 606184303?
6
What is the hundred millions digit of 330155296?
3
What is the ten millions digit of 120027400?
2
What is the hundreds digit of 599076760?
7
What is the ten thousands digit of 5477031350?
3
What is the thousands digit of 1204283876?
3
What is the hundred thousands digit of 199172172?
1
What is the units digit of 56845962?
2
What is the hundred millions digit of 279341484?
2
What is the ten millions digit of 378316286?
7
What is the units digit of 29184339?
9
What is the tens digit of 433139024?
2
What is the hundreds digit of 277723096?
0
What is the millions digit of 14544997?
4
What is the hundred millions digit of 626892889?
6
What is the thousands digit of 98320536?
0
What is the ten millions digit of 795793510?
9
What is the ten millions digit of 639075573?
3
What is the tens digit of 250372758?
5
What is the thousands digit of 33913001?
3
What is the thousands digit of 405326591?
6
What is the hundreds digit of 49200174?
1
What is the hundred millions digit of 838571669?
8
What is the hundred millions digit of 1293216803?
2
What is the units digit of 68293207?
7
What is the tens digit of 25936439?
3
What is the ten thousands digit of 228158021?
5
What is the millions digit of 1433368545?
3
What is the hundred thousands digit of 815678263?
6
What is the hundred millions digit of 225527716?
2
What is the ten thousands digit of 51483380?
8
What is the hundred millions digit of 4246353650?
2
What is the millions digit of 104521644?
4
What is the thousands digit of 467800468?
0
What is the ten millions digit of 1009373810?
0
What is the hundreds digit of 28989973?
9
What is the units digit of 316773982?
2
What is the hundred millions digit of 123870827?
1
What is the ten millions digit of 2084463025?
8
What is the millions digit of 103664153?
3
What is the hundreds digit of 38978338?
3
What is the ten millions digit of 6764005752?
6
What is the ten thousands digit of 476012505?
1
What is the hundreds digit of 81087491?
4
What is the hundred thousands digit of 73592257?
5
What is the ten millions digit of 47525087?
4
What is the hundred thousands digit of 1288047650?
0
What is the millions digit of 199214783?
9
What is the ten thousands digit of 1597818377?
1
What is the hundred millions digit of 1177108145?
1
What is the ten thousands digit of 15176465?
7
What is the ten millions digit of 112481154?
1
What is the hundreds digit of 27235160?
1
What is the units digit of 2471301872?
2
What is the units digit of 2560655006?
6
What is the hundreds digit of 86230651?
6
What is the units digit of 616795464?
4
What is the ten millions digit of 80879522?
8
What is the hundreds digit of 53737303?
3
What is the units digit of 939906256?
6
What is the hundreds digit of 1022905041?
0
What is the hundred thousands digit of 200386394?
3
What is the hundred millions digit of 116303917?
1
What is the thousands digit of 2312918804?
8
What is the millions digit of 36972822?
6
What is the tens digit of 5515354301?
0
What is the millions digit of 33044125?
3
What is the hundreds digit of 70418662?
6
What is the millions digit of 770388271?
0
What is the millions digit of 213290946?
3
What is the hundreds digit of 75060910?
9
What is the thousands digit of 704496467?
6
What is the thousands digit of 217682105?
2
What is the units digit of 339075360?
0
What is the hundreds digit of 526078687?
6
What is the units digit of 63264472?
2
What is the millions digit of 81658234?
1
What is the units digit of 891823972?
2
What is the hundreds digit of 11631292?
2
What is the hundreds digit of 169206626?
6
What is the tens digit of 108271562?
6
What is the tens digit of 1530143863?
6
What is the thousands digit of 1532015072?
5
What is the units digit of 480832011?
1
What is the billions digit of 1229997501?
1
What is the ten millions digit of 49833410?
4
What is the ten millions digit of 104575245?
0
What is the tens digit of 4486265185?
8
What is the millions digit of 49577939?
9
What is the ten millions digit of 25043322?
2
What is the hundreds digit of 3705898931?
9
What is the units digit of 174203927?
7
What is the millions digit of 1512444361?
2
What is the hundred thousands digit of 6324045?
3
What is the hundreds digit of 4086431?
4
What is the ten millions digit of 103273340?
0
What is the billions digit of 6751819064?
6
What is the thousands digit of 2850157288?
7
What is the hundred millions digit of 364887013?
3
What is the tens digit of 8482709?
0
What is the hundreds digit of 18351668?
6
What is the hundreds digit of 570601451?
4
What is the hundreds digit of 416437249?
2
What is the millions digit of 2919657?
2
What is the tens digit of 1657155071?
7
What is the hundreds digit of 65415979?
9
What is the ten thousands digit of 22875629?
7
What is the thousands digit of 271510639?
0
What is the hundred thousands digit of 34184408?
1
What is the ten millions digit of 24511757?
2
What is 